s h(j) a composite number?
True
Let x = 20474 + -12557. Let b = x - 3590. Is b a prime number?
True
Suppose 2*n - 238 = -4*g, 300 + 351 = 5*n - 4*g. Is n prime?
True
Let z = -299 + 1290. Is z a composite number?
False
Suppose 3*m - k - 7157 = 10087, 0 = -5*m - 3*k + 28726. Suppose 1304 = 11*c - m. Is c composite?
False
Suppose -2078 = 8*z - 153862. Is z a composite number?
False
Let v = -7576 - -28939. Suppose 2*g - v = -g. Is g a composite number?
False
Let v = 2796 + -2095. Is v a composite number?
False
Let w = 17769 - -54896. Is w prime?
False
Let f(q) = -q + 9. Let j be f(11). Let n be (-926)/10 + j/5. Is -1*n/6*4 a prime number?
False
Let l = -70 - -70. Let b(g) = g**3 - 3*g**2 + 673. Is b(l) composite?
False
Let y = 129 - -1220. Is y a composite number?
True
Suppose 2*h - 432754 = -12*h. Is h composite?
False
Suppose -21610 = -3*g - 7*g. Is g a prime number?
True
Suppose 5*d - 14 = 3*k, k - 3*k - d + 8 = 0. Suppose a + k*a + 8370 = 0. Let p = -1609 - a. Is p a composite number?
False
Let g(s) = 4*s - 26. Let x = -24 + 31. Let o be g(x). Is 5 - -110 - (4 - o) a composite number?
False
Is (7 + 52/(-8))*174 composite?
True
Suppose -2*w - 2*h + 6 = 0, -3*w + h + 16 - 3 = 0. Let s(n) = -n**2 + 6. Let k be s(w). Is (-485)/k*(2 + 12) composite?
True
Let o(b) = -6*b - 6. Let p be o(-3). Suppose -3*k + 6*k - m = 9, -4*k + p = -4*m. Suppose -4*h + 4*l = -752, k*h - l = 240 + 322. Is h a composite number?
True
Suppose 0 = 15*y + 978 - 24813. Is y a prime number?
False
Let r(g) = 135*g - 9. Let w be r(16). Suppose w = 3*f - 3*l - l, -2*f + 1434 = -3*l. Is f composite?
True
Suppose c + 6 = 2*g, 12 = 5*c + 5*g - 3. Suppose -254 = -3*d + d - 5*r, 5*r = c. Is d prime?
True
Suppose -2*j + 2*c - 1458 = j, 3*j = -3*c - 1458. Let d = 1245 - j. Is d composite?
True
Let h(y) = -y**2 - 14*y - 17. Let k(d) = d**3 - 3*d**2 - 3*d - 2. Let u be k(-2). Let q be 1*(u + (-3 - -7)). Is h(q) a composite number?
False
Suppose 2*g = 3*g - 17. Suppose -g*f = -9*f - 1192. Is f composite?
False
Suppose -10 = -4*f - f. Let h be (f + -11)*1/(-3). Suppose 1351 = h*m - 734. Is m composite?
True
Suppose -6*w + 6824 = -2*w + 2*j, 5115 = 3*w + 3*j. Is w a prime number?
False
Suppose 4*v = -4757 + 20529. Is v a prime number?
True
Let c(d) = -3*d - 9. Let t be c(-4). Suppose t*m + 78 = 567. Is m a composite number?
False
Let y(d) be the first derivative of -761*d**2/2 - 22. Is y(-1) a composite number?
False
Let h be ((-1749)/(-6) + 3)*-2. Let m = h + 1035. Suppose 3*f - m = f. Is f a composite number?
False
Let v(i) = 19 + 5*i**2 - 377*i + 377*i. Is v(8) a prime number?
False
Suppose 52*l = 29*l + 375659. Is l composite?
False
Let o(m) = m**2 - 7*m - 3. Let v be o(7). Let q be (1/(-1) + 1)/v. Suppose 3*a - 5*a + 238 = q. Is a a prime number?
False
Is -6 + 2 + 5/(-5) - -2838 prime?
True
Let m(h) = 67*h**2 - 14*h + 487 - 6*h - 492. Is m(-8) a prime number?
False
Suppose -2*j = -s + 6*s - 4656, -5*s - 10 = 0. Is j prime?
True
Suppose 880 - 166 = -3*m - g, 1170 = -5*m + 5*g. Let k = 334 + m. Is k composite?
False
Let p(n) = -24*n**2 + n + 13163. Is p(0) a composite number?
False
Let c(k) = -4*k + 2. Let l be c(2). Let g be (l/4)/(3/(-2)). Is (-3)/(9/(-204)) - g a prime number?
True
Suppose -5*a - 83026 = -4*s - 17357, -2*a + 49223 = 3*s. Is s a composite number?
False
Suppose -6*l + 21 = -21. Suppose l*y - 6*y = 4. Suppose -3*u - 1599 = -5*d, -y*d = -u - 317 - 965. Is d a composite number?
True
Let u(p) = -5*p - 14. Let n be u(-13). Let g be n/9 - (-16)/12. Suppose 970 = g*c - 2*c. Is c composite?
True
Let u be (6/(-4))/((-9)/12). Suppose -v - u*t = 2*v - 90, -3*t = 2*v - 65. Is (v/(-8))/(3/(-6)) prime?
True
Let a be 3/(6/4 - 0). Let c be (-53 - -27)/((-3)/6). Suppose 2*p - c = -a*p. Is p composite?
False
Let r(q) be the first derivative of 19*q**2/2 + 5*q + 5. Suppose 0 = 3*v, v - 4*v = 2*h - 16. Is r(h) a composite number?
False
Is (84/66)/7 - (-143339)/11 composite?
True
Let m be (394*5/(-20))/(2/4). Let o = m + 762. Is o a composite number?
True
Suppose -5*v = 5*r - 1475, -3*v + 2*r + 1230 = 330. Let f = 1333 + v. Is f a composite number?
True
Suppose 4*a = 4*r + 2*a + 4, 8 = 2*a. Let o(m) be the first derivative of 1097*m**2/2 + 2*m + 6. Is o(r) prime?
False
Suppose -15*y + 11271 = 36*y. Is y a composite number?
True
Let y(l) = -l**2 - 6*l + 1. Let f be y(-5). Let v(o) be the third derivative of 13*o**4/12 - o**3/6 - 65*o**2. Is v(f) prime?
False
Let o(y) be the third derivative of y**4/24 + y**3/6 + 4*y**2. Let u be o(-2). Is (222 - (-2 - u))*1 prime?
True
Suppose -3*z - 4*o - 20 = 0, -5*z + 5*o = -3*z - 25. Suppose 2*j - 3*r = -0*r + 821, z = 5*j - 2*r - 2025. Is j composite?
True
Suppose -33*d - 20 = -38*d + 5*k, k - 8 = -2*d. Let f(o) = -3 + 0 + 19*o + 49*o. Is f(d) composite?
False
Suppose -7*b - 1358 = 2471. Is 6*(-2)/12*b prime?
True
Let m(o) = -o - 6. Let r be m(-3). Let f(k) = k**2 - 1. Let j be f(0). Is 89/3*j*r a prime number?
True
Let m be (-251)/1*1 - 0. Let i(l) = -37*l - 47. Let f be i(-11). Let p = f + m. Is p composite?
False
Let t = -118 - -130. Is -2 - t/(-4) - -768 a prime number?
True
Suppose -4*u = -4*s + 33612, 5*s = 2*s + 4*u + 25210. Is s a prime number?
False
Is (-6)/(-4) - (-516519)/18 composite?
False
Let b = -8337 + 17150. Is b composite?
True
Suppose 0 = 2*m - 0*o - 4*o + 14, -m + 5*o = 22. Suppose 0*b - 2*b - 8639 = -5*c, -m*c + 2*b + 5185 = 0. Is c a composite number?
True
Suppose -w + 676 + 554 = 0. Suppose -4*t + 10*t = w. Is t composite?
True
Suppose -c + 507 = -263. Suppose q = -0*x - 3*x + 750, 0 = -q + x + c. Suppose -1590 - q = -3*n. Is n composite?
True
Suppose 5*a - 6*a = -3. Suppose a*d = -n + 1594, 0 = d - n + 198 - 736. Is d a composite number?
True
Suppose -3*z + 12343 = -f, z - 6*z + 3*f = -20577. Is (-24)/9*(z/4)/(-3) prime?
False
Let r = 5351 - 1944. Is r a prime number?
True
Let l(f) = -7*f + 187. Is l(0) prime?
False
Let i = -1 - -3. Suppose 4*g - 734 = -i*x + 42, -3*g + 4*x + 604 = 0. Suppose -3*t + g = 3*c - 272, 488 = 3*t - c. Is t a composite number?
True
Is (37542/(-8))/(27/(-144)) + -6 composite?
True
Suppose 0 = -5*r - 3*g - 232 + 947, 3*r - 2*g = 429. Is r composite?
True
Let p be (2 - 8)/(6/(-8)). Suppose -3*w + p*w = 2345. Is w prime?
False
Is 10 + (-4 + 21729 - -10) a composite number?
True
Let g be -7 - (-7 + 3) - -1. Is (4 - (-21)/g)*-94 prime?
False
Let x(y) = y**3 - 6*y**2 + 4*y + 5. Let d(l) = -2*l - 7. Let k be d(-6). Let c be x(k). Suppose c = 4*h - 3*s - 157, 5*h + 4*s - 225 = 2*s. Is h a prime number?
True
Suppose -i = -6*i + 110. Suppose -i*g + 5108 = -18*g. Is g prime?
True
Let u(y) = -13*y - 2. Suppose 4*b + 2*m - 3 = 11, 3*m = 3. Let f be u(b). Let a = f + 87. Is a a composite number?
True
Let z(o) be the second derivative of o**5/20 - 3*o**4/4 - o**3/6 + 6*o**2 - 5*o. Let g be z(9). Suppose g*f - 8 - 53 = -4*n, -4*f + 80 = 5*n. Is f prime?
False
Let z(s) = 20*s + 7231. Is z(0) composite?
True
Let q be -18*(15/(-6) - -3). Let a = q + 11. Suppose -2*f = 8, a*o = 4*f - 0*f + 386. Is o prime?
False
Suppose 0*p = -5*p + 4*a + 4, -4*a = -p + 4. Suppose p*n + 1972 = 4*n. Is n a composite number?
True
Suppose f - 15882 = v, -4*f + 2*v = f - 79395. Is f a prime number?
True
Let j(s) = s**3 + 12*s**2 + 8*s - 34. Let r be j(-11). Is r/2 + (-2124)/(-8) + 0 composite?
True
Suppose 8*v = 5*v. Let x(d) = d + 4435. Is x(v) a prime number?
False
Let x(h) be the first derivative of h**4/4 + 3*h**3/2 - 7*h**2/2 + 10. Let p(b) be the second derivative of x(b). Is p(10) prime?
False
Is 6/33 - 3056/(-11) a composite number?
True
Let n = -15240 + 28567. Is n prime?
True
Let j be 2/3 + 1359/27. Suppose j + 19 = i. Suppose 4*n - r - i = r, 2*n = 4*r + 26. Is n composite?
False
Suppose 2*v + 2*l - 86461 - 18769 = 0, -263071 = -5*v - 3*l. Is v composite?
True
Suppose 37*w - 24298 = 35*w. Is w a prime number?
True
Suppose 0*l = 4*l - a - 83331, -3*a = 2*l - 41669. Is l composite?
True
Let b = -1546 - -2765. Is b prime?
False
Let j(l) = l**3 + 11*l**2 + 9*l - 8. Let d be j(-10). Suppose -5*c + 15 = 0, c + 491 = 4*w - d*c. Is 4*3/(-6) + w a composite number?
True
Let l be (-18)/12*912/(-9). Let s = l + 515. Is s a prime number?
False
Suppose 3459 = -5*q + 2*p - 3603, -3*p = -3*q - 4230. Let r = 2013 + q. Is r composite?
False
Let 